{"id":678,"date":"2025-12-01T23:51:31","date_gmt":"2025-12-02T05:51:31","guid":{"rendered":"https:\/\/coplazac.directorio-comercial.com\/?page_id=678"},"modified":"2025-12-02T00:14:03","modified_gmt":"2025-12-02T06:14:03","slug":"inicio2","status":"publish","type":"page","link":"https:\/\/coplazac.directorio-comercial.com\/","title":{"rendered":"Home"},"content":{"rendered":"\n<div class=\"wp-block-group alignwide is-content-justification-center is-nowrap is-layout-flex wp-container-core-group-is-layout-23441af8 wp-block-group-is-layout-flex\">\n<img loading=\"lazy\" decoding=\"async\" width=\"372\" height=\"300\" data-media-id=\"75\" class=\"gb-media-0ba0502a\" alt=\"\" src=\"https:\/\/coplazac.directorio-comercial.com\/wp-content\/uploads\/2025\/12\/promo.png\" srcset=\"https:\/\/coplazac.directorio-comercial.com\/wp-content\/uploads\/2025\/12\/promo.png 372w, https:\/\/coplazac.directorio-comercial.com\/wp-content\/uploads\/2025\/12\/promo-300x242.png 300w\" sizes=\"auto, (max-width: 372px) 100vw, 372px\" \/>\n<\/div>\n\n\n\n<div style=\"height:20px\" aria-hidden=\"true\" class=\"wp-block-spacer\"><\/div>\n\n\n\n<div class=\"wp-block-group has-global-padding is-layout-constrained wp-container-core-group-is-layout-b13d32f8 wp-block-group-is-layout-constrained\" style=\"padding-right:var(--wp--preset--spacing--10);padding-left:var(--wp--preset--spacing--10)\">\n<div class=\"wp-block-group has-background is-vertical is-content-justification-center is-layout-flex wp-container-core-group-is-layout-f34e2973 wp-block-group-is-layout-flex\" style=\"border-radius:29px;background-color:#36adff;margin-top:0;margin-bottom:0;padding-top:var(--wp--preset--spacing--10);padding-right:0;padding-bottom:var(--wp--preset--spacing--10);padding-left:0\">\n<h2 class=\"wp-block-heading has-text-align-center has-base-2-color has-text-color has-link-color wp-elements-15f2d4261dacff056369f9c9c4ac0656\" style=\"margin-top:0;margin-right:0;margin-bottom:0;margin-left:0;padding-top:0;padding-right:0;padding-bottom:0;padding-left:0\">Misi\u00f3n<\/h2>\n\n\n\n<p class=\"gb-text gb-text-bf323c90\">Proporcionar soluciones integrales en productos de limpieza con altos est\u00e1ndares de calidad, precios competitivos y un servicio confiable, contribuyendo al bienestar de nuestros clientes mediante atenci\u00f3n profesional y entregas eficientes en toda la regi\u00f3n.<\/p>\n<\/div>\n<\/div>\n\n\n\n<div class=\"wp-block-group has-global-padding is-layout-constrained wp-container-core-group-is-layout-b13d32f8 wp-block-group-is-layout-constrained\" style=\"padding-right:var(--wp--preset--spacing--10);padding-left:var(--wp--preset--spacing--10)\">\n<div class=\"wp-block-group has-background is-vertical is-content-justification-center is-layout-flex wp-container-core-group-is-layout-f67328ec wp-block-group-is-layout-flex\" style=\"border-radius:29px;background-color:#36adff;padding-top:var(--wp--preset--spacing--10);padding-right:var(--wp--preset--spacing--20);padding-bottom:var(--wp--preset--spacing--10);padding-left:var(--wp--preset--spacing--20)\">\n<h2 class=\"wp-block-heading has-text-align-center has-base-2-color has-text-color has-link-color wp-elements-94d03672a10862a1465e10cd4be06b31\" style=\"margin-top:0;margin-right:0;margin-bottom:0;margin-left:0;padding-top:0;padding-right:0;padding-bottom:0;padding-left:0\">Visi\u00f3n<\/h2>\n\n\n\n<p class=\"gb-text gb-text-e5ea2f50\">Consolidarnos como la empresa l\u00edder en distribuci\u00f3n de productos de limpieza en Zacatecas y estados vecinos, distingui\u00e9ndonos por nuestra excelencia operativa, innovaci\u00f3n constante y relaciones duraderas con nuestros clientes.<\/p>\n<\/div>\n<\/div>\n\n\n\n<div class=\"wp-block-group has-global-padding is-layout-constrained wp-container-core-group-is-layout-b13d32f8 wp-block-group-is-layout-constrained\" style=\"padding-right:var(--wp--preset--spacing--10);padding-left:var(--wp--preset--spacing--10)\">\n<div class=\"wp-block-group has-background is-vertical is-content-justification-center is-layout-flex wp-container-core-group-is-layout-f67328ec wp-block-group-is-layout-flex\" style=\"border-radius:29px;background-color:#36adff;padding-top:var(--wp--preset--spacing--10);padding-right:var(--wp--preset--spacing--20);padding-bottom:var(--wp--preset--spacing--10);padding-left:var(--wp--preset--spacing--20)\">\n<h2 class=\"wp-block-heading has-text-align-center has-base-2-color has-text-color has-link-color wp-elements-b9476fb209cb1c21d49b9592a13a99ee\" style=\"margin-top:0;margin-right:0;margin-bottom:0;margin-left:0;padding-top:0;padding-right:0;padding-bottom:0;padding-left:0\">Objetivo<\/h2>\n\n\n\n<p class=\"gb-text gb-text-7a7d4723\">Ampliar nuestra cobertura comercial y fortalecer nuestra presencia regional mediante estrategias de distribuci\u00f3n eficientes, alianzas estrat\u00e9gicas y la mejora continua en la calidad de nuestros productos y servicios.<\/p>\n<\/div>\n<\/div>\n\n\n\n<div class=\"wp-block-group is-vertical is-content-justification-center is-layout-flex wp-container-core-group-is-layout-81423f52 wp-block-group-is-layout-flex\">\n<h1 class=\"wp-block-heading has-text-align-center\">Nuestros Productos<\/h1>\n\n\n\n<hr class=\"wp-block-separator has-text-color has-alpha-channel-opacity has-background is-style-default\" style=\"margin-top:0;margin-bottom:0;background-color:#0088e9;color:#0088e9\"\/>\n\n\n\n<div class=\"wp-block-group has-global-padding is-layout-constrained wp-block-group-is-layout-constrained\">\n<div><div class=\"gb-looper-6a9714d9\">\n<div class=\"gb-loop-item gb-loop-item-88d8e395 post-662 catalogo type-catalogo status-publish hentry\">\n<div class=\"wp-block-group is-vertical is-content-justification-center is-layout-flex wp-container-core-group-is-layout-b6c1f246 wp-block-group-is-layout-flex\">\n<div class=\"wp-block-group has-global-padding is-layout-constrained wp-block-group-is-layout-constrained\">\n<a href=\"https:\/\/coplazac.directorio-comercial.com\/?product_cat=desechables\"><img loading=\"lazy\" decoding=\"async\" width=\"2560\" height=\"2560\" data-media-id=\"663\" class=\"gb-media-99617a2b\" src=\"https:\/\/coplazac.directorio-comercial.com\/wp-content\/uploads\/2025\/12\/UNICEL-TERMICOS-scaled.png\" alt=\"Desechables\" srcset=\"https:\/\/coplazac.directorio-comercial.com\/wp-content\/uploads\/2025\/12\/UNICEL-TERMICOS-scaled.png 2560w, https:\/\/coplazac.directorio-comercial.com\/wp-content\/uploads\/2025\/12\/UNICEL-TERMICOS-300x300.png 300w, https:\/\/coplazac.directorio-comercial.com\/wp-content\/uploads\/2025\/12\/UNICEL-TERMICOS-1024x1024.png 1024w, https:\/\/coplazac.directorio-comercial.com\/wp-content\/uploads\/2025\/12\/UNICEL-TERMICOS-150x150.png 150w, https:\/\/coplazac.directorio-comercial.com\/wp-content\/uploads\/2025\/12\/UNICEL-TERMICOS-768x768.png 768w, https:\/\/coplazac.directorio-comercial.com\/wp-content\/uploads\/2025\/12\/UNICEL-TERMICOS-1536x1536.png 1536w, https:\/\/coplazac.directorio-comercial.com\/wp-content\/uploads\/2025\/12\/UNICEL-TERMICOS-2048x2048.png 2048w, https:\/\/coplazac.directorio-comercial.com\/wp-content\/uploads\/2025\/12\/UNICEL-TERMICOS-600x600.png 600w, https:\/\/coplazac.directorio-comercial.com\/wp-content\/uploads\/2025\/12\/UNICEL-TERMICOS-100x100.png 100w\" sizes=\"auto, (max-width: 2560px) 100vw, 2560px\" \/><\/a>\n<\/div>\n\n\n\n<a class=\"gb-text gb-text-ef17ebb0\" href=\"https:\/\/coplazac.directorio-comercial.com\/?product_cat=desechables\">Desechables<\/a>\n<\/div>\n<\/div>\n\n<div class=\"gb-loop-item gb-loop-item-88d8e395 post-664 catalogo type-catalogo status-publish hentry\">\n<div class=\"wp-block-group is-vertical is-content-justification-center is-layout-flex wp-container-core-group-is-layout-b6c1f246 wp-block-group-is-layout-flex\">\n<div class=\"wp-block-group has-global-padding is-layout-constrained wp-block-group-is-layout-constrained\">\n<a href=\"https:\/\/coplazac.directorio-comercial.com\/?product_cat=industrial\"><img loading=\"lazy\" decoding=\"async\" width=\"1000\" height=\"1000\" data-media-id=\"665\" class=\"gb-media-99617a2b\" src=\"https:\/\/coplazac.directorio-comercial.com\/wp-content\/uploads\/2025\/12\/PRODUCTOS-2.png\" alt=\"Industrial\" srcset=\"https:\/\/coplazac.directorio-comercial.com\/wp-content\/uploads\/2025\/12\/PRODUCTOS-2.png 1000w, https:\/\/coplazac.directorio-comercial.com\/wp-content\/uploads\/2025\/12\/PRODUCTOS-2-300x300.png 300w, https:\/\/coplazac.directorio-comercial.com\/wp-content\/uploads\/2025\/12\/PRODUCTOS-2-150x150.png 150w, https:\/\/coplazac.directorio-comercial.com\/wp-content\/uploads\/2025\/12\/PRODUCTOS-2-768x768.png 768w, https:\/\/coplazac.directorio-comercial.com\/wp-content\/uploads\/2025\/12\/PRODUCTOS-2-600x600.png 600w, https:\/\/coplazac.directorio-comercial.com\/wp-content\/uploads\/2025\/12\/PRODUCTOS-2-100x100.png 100w\" sizes=\"auto, (max-width: 1000px) 100vw, 1000px\" \/><\/a>\n<\/div>\n\n\n\n<a class=\"gb-text gb-text-ef17ebb0\" href=\"https:\/\/coplazac.directorio-comercial.com\/?product_cat=industrial\">Industrial<\/a>\n<\/div>\n<\/div>\n\n<div class=\"gb-loop-item gb-loop-item-88d8e395 post-666 catalogo type-catalogo status-publish hentry\">\n<div class=\"wp-block-group is-vertical is-content-justification-center is-layout-flex wp-container-core-group-is-layout-b6c1f246 wp-block-group-is-layout-flex\">\n<div class=\"wp-block-group has-global-padding is-layout-constrained wp-block-group-is-layout-constrained\">\n<a href=\"https:\/\/coplazac.directorio-comercial.com\/?product_cat=jarceria\"><img loading=\"lazy\" decoding=\"async\" width=\"500\" height=\"500\" data-media-id=\"667\" class=\"gb-media-99617a2b\" src=\"https:\/\/coplazac.directorio-comercial.com\/wp-content\/uploads\/2025\/12\/Copia-de-ESCOBAS-1.png\" alt=\"Jarceria\" srcset=\"https:\/\/coplazac.directorio-comercial.com\/wp-content\/uploads\/2025\/12\/Copia-de-ESCOBAS-1.png 500w, https:\/\/coplazac.directorio-comercial.com\/wp-content\/uploads\/2025\/12\/Copia-de-ESCOBAS-1-300x300.png 300w, https:\/\/coplazac.directorio-comercial.com\/wp-content\/uploads\/2025\/12\/Copia-de-ESCOBAS-1-150x150.png 150w, https:\/\/coplazac.directorio-comercial.com\/wp-content\/uploads\/2025\/12\/Copia-de-ESCOBAS-1-100x100.png 100w\" sizes=\"auto, (max-width: 500px) 100vw, 500px\" \/><\/a>\n<\/div>\n\n\n\n<a class=\"gb-text gb-text-ef17ebb0\" href=\"https:\/\/coplazac.directorio-comercial.com\/?product_cat=jarceria\">Jarceria<\/a>\n<\/div>\n<\/div>\n\n<div class=\"gb-loop-item gb-loop-item-88d8e395 post-668 catalogo type-catalogo status-publish hentry\">\n<div class=\"wp-block-group is-vertical is-content-justification-center is-layout-flex wp-container-core-group-is-layout-b6c1f246 wp-block-group-is-layout-flex\">\n<div class=\"wp-block-group has-global-padding is-layout-constrained wp-block-group-is-layout-constrained\">\n<a href=\"https:\/\/coplazac.directorio-comercial.com\/?product_cat=papel-institucional\"><img loading=\"lazy\" decoding=\"async\" width=\"500\" height=\"500\" data-media-id=\"669\" class=\"gb-media-99617a2b\" src=\"https:\/\/coplazac.directorio-comercial.com\/wp-content\/uploads\/2025\/12\/Copia-de-SANITAS-2.png\" alt=\"Papel Institucional\" srcset=\"https:\/\/coplazac.directorio-comercial.com\/wp-content\/uploads\/2025\/12\/Copia-de-SANITAS-2.png 500w, https:\/\/coplazac.directorio-comercial.com\/wp-content\/uploads\/2025\/12\/Copia-de-SANITAS-2-300x300.png 300w, https:\/\/coplazac.directorio-comercial.com\/wp-content\/uploads\/2025\/12\/Copia-de-SANITAS-2-150x150.png 150w, https:\/\/coplazac.directorio-comercial.com\/wp-content\/uploads\/2025\/12\/Copia-de-SANITAS-2-100x100.png 100w\" sizes=\"auto, (max-width: 500px) 100vw, 500px\" \/><\/a>\n<\/div>\n\n\n\n<a class=\"gb-text gb-text-ef17ebb0\" href=\"https:\/\/coplazac.directorio-comercial.com\/?product_cat=papel-institucional\">Papel Institucional<\/a>\n<\/div>\n<\/div>\n\n<div class=\"gb-loop-item gb-loop-item-88d8e395 post-670 catalogo type-catalogo status-publish hentry\">\n<div class=\"wp-block-group is-vertical is-content-justification-center is-layout-flex wp-container-core-group-is-layout-b6c1f246 wp-block-group-is-layout-flex\">\n<div class=\"wp-block-group has-global-padding is-layout-constrained wp-block-group-is-layout-constrained\">\n<a href=\"https:\/\/coplazac.directorio-comercial.com\/?product_cat=plasticos\"><img loading=\"lazy\" decoding=\"async\" width=\"1000\" height=\"1000\" data-media-id=\"671\" class=\"gb-media-99617a2b\" src=\"https:\/\/coplazac.directorio-comercial.com\/wp-content\/uploads\/2025\/12\/plasticos.png\" alt=\"Pl\u00e1sticos\" srcset=\"https:\/\/coplazac.directorio-comercial.com\/wp-content\/uploads\/2025\/12\/plasticos.png 1000w, https:\/\/coplazac.directorio-comercial.com\/wp-content\/uploads\/2025\/12\/plasticos-300x300.png 300w, https:\/\/coplazac.directorio-comercial.com\/wp-content\/uploads\/2025\/12\/plasticos-150x150.png 150w, https:\/\/coplazac.directorio-comercial.com\/wp-content\/uploads\/2025\/12\/plasticos-768x768.png 768w, https:\/\/coplazac.directorio-comercial.com\/wp-content\/uploads\/2025\/12\/plasticos-600x600.png 600w, https:\/\/coplazac.directorio-comercial.com\/wp-content\/uploads\/2025\/12\/plasticos-100x100.png 100w\" sizes=\"auto, (max-width: 1000px) 100vw, 1000px\" \/><\/a>\n<\/div>\n\n\n\n<a class=\"gb-text gb-text-ef17ebb0\" href=\"https:\/\/coplazac.directorio-comercial.com\/?product_cat=plasticos\">Pl\u00e1sticos<\/a>\n<\/div>\n<\/div>\n\n<div class=\"gb-loop-item gb-loop-item-88d8e395 post-672 catalogo type-catalogo status-publish hentry\">\n<div class=\"wp-block-group is-vertical is-content-justification-center is-layout-flex wp-container-core-group-is-layout-b6c1f246 wp-block-group-is-layout-flex\">\n<div class=\"wp-block-group has-global-padding is-layout-constrained wp-block-group-is-layout-constrained\">\n<a href=\"https:\/\/coplazac.directorio-comercial.com\/?product_cat=quimicos-comerciales\"><img loading=\"lazy\" decoding=\"async\" width=\"643\" height=\"473\" data-media-id=\"673\" class=\"gb-media-99617a2b\" src=\"https:\/\/coplazac.directorio-comercial.com\/wp-content\/uploads\/2025\/12\/LIBRO_PRODUCT-SHOT-MX.png\" alt=\"Qu\u00edmicos Comerciales\" srcset=\"https:\/\/coplazac.directorio-comercial.com\/wp-content\/uploads\/2025\/12\/LIBRO_PRODUCT-SHOT-MX.png 643w, https:\/\/coplazac.directorio-comercial.com\/wp-content\/uploads\/2025\/12\/LIBRO_PRODUCT-SHOT-MX-300x221.png 300w, https:\/\/coplazac.directorio-comercial.com\/wp-content\/uploads\/2025\/12\/LIBRO_PRODUCT-SHOT-MX-600x441.png 600w\" sizes=\"auto, (max-width: 643px) 100vw, 643px\" \/><\/a>\n<\/div>\n\n\n\n<a class=\"gb-text gb-text-ef17ebb0\" href=\"https:\/\/coplazac.directorio-comercial.com\/?product_cat=quimicos-comerciales\">Qu\u00edmicos Comerciales<\/a>\n<\/div>\n<\/div>\n\n<div class=\"gb-loop-item gb-loop-item-88d8e395 post-674 catalogo type-catalogo status-publish hentry\">\n<div class=\"wp-block-group is-vertical is-content-justification-center is-layout-flex wp-container-core-group-is-layout-b6c1f246 wp-block-group-is-layout-flex\">\n<div class=\"wp-block-group has-global-padding is-layout-constrained wp-block-group-is-layout-constrained\">\n<a href=\"https:\/\/coplazac.directorio-comercial.com\/?product_cat=quimicos\"><img loading=\"lazy\" decoding=\"async\" width=\"2560\" height=\"2560\" data-media-id=\"675\" class=\"gb-media-99617a2b\" src=\"https:\/\/coplazac.directorio-comercial.com\/wp-content\/uploads\/2025\/12\/Copia-de-SPARK-LAUNDRY-scaled.png\" alt=\"Qu\u00edmicos\" srcset=\"https:\/\/coplazac.directorio-comercial.com\/wp-content\/uploads\/2025\/12\/Copia-de-SPARK-LAUNDRY-scaled.png 2560w, https:\/\/coplazac.directorio-comercial.com\/wp-content\/uploads\/2025\/12\/Copia-de-SPARK-LAUNDRY-300x300.png 300w, https:\/\/coplazac.directorio-comercial.com\/wp-content\/uploads\/2025\/12\/Copia-de-SPARK-LAUNDRY-1024x1024.png 1024w, https:\/\/coplazac.directorio-comercial.com\/wp-content\/uploads\/2025\/12\/Copia-de-SPARK-LAUNDRY-150x150.png 150w, https:\/\/coplazac.directorio-comercial.com\/wp-content\/uploads\/2025\/12\/Copia-de-SPARK-LAUNDRY-768x768.png 768w, https:\/\/coplazac.directorio-comercial.com\/wp-content\/uploads\/2025\/12\/Copia-de-SPARK-LAUNDRY-1536x1536.png 1536w, https:\/\/coplazac.directorio-comercial.com\/wp-content\/uploads\/2025\/12\/Copia-de-SPARK-LAUNDRY-2048x2048.png 2048w, https:\/\/coplazac.directorio-comercial.com\/wp-content\/uploads\/2025\/12\/Copia-de-SPARK-LAUNDRY-600x600.png 600w, https:\/\/coplazac.directorio-comercial.com\/wp-content\/uploads\/2025\/12\/Copia-de-SPARK-LAUNDRY-100x100.png 100w\" sizes=\"auto, (max-width: 2560px) 100vw, 2560px\" \/><\/a>\n<\/div>\n\n\n\n<a class=\"gb-text gb-text-ef17ebb0\" href=\"https:\/\/coplazac.directorio-comercial.com\/?product_cat=quimicos\">Qu\u00edmicos<\/a>\n<\/div>\n<\/div>\n<\/div><\/div>\n<\/div>\n<\/div>\n","protected":false},"excerpt":{"rendered":"<p>Misi\u00f3n Proporcionar soluciones integrales en productos de limpieza con altos est\u00e1ndares de calidad, precios competitivos y un servicio confiable, contribuyendo al bienestar de nuestros clientes mediante atenci\u00f3n profesional y entregas eficientes en toda la regi\u00f3n. Visi\u00f3n Consolidarnos como la empresa l\u00edder en distribuci\u00f3n de productos de limpieza en Zacatecas y estados vecinos, distingui\u00e9ndonos por nuestra [&hellip;]<\/p>\n","protected":false},"author":1,"featured_media":0,"parent":0,"menu_order":0,"comment_status":"closed","ping_status":"closed","template":"page-no-title","meta":{"_acf_changed":false,"footnotes":""},"class_list":["post-678","page","type-page","status-publish","hentry"],"acf":[],"_links":{"self":[{"href":"https:\/\/coplazac.directorio-comercial.com\/index.php?rest_route=\/wp\/v2\/pages\/678","targetHints":{"allow":["GET"]}}],"collection":[{"href":"https:\/\/coplazac.directorio-comercial.com\/index.php?rest_route=\/wp\/v2\/pages"}],"about":[{"href":"https:\/\/coplazac.directorio-comercial.com\/index.php?rest_route=\/wp\/v2\/types\/page"}],"author":[{"embeddable":true,"href":"https:\/\/coplazac.directorio-comercial.com\/index.php?rest_route=\/wp\/v2\/users\/1"}],"replies":[{"embeddable":true,"href":"https:\/\/coplazac.directorio-comercial.com\/index.php?rest_route=%2Fwp%2Fv2%2Fcomments&post=678"}],"version-history":[{"count":5,"href":"https:\/\/coplazac.directorio-comercial.com\/index.php?rest_route=\/wp\/v2\/pages\/678\/revisions"}],"predecessor-version":[{"id":695,"href":"https:\/\/coplazac.directorio-comercial.com\/index.php?rest_route=\/wp\/v2\/pages\/678\/revisions\/695"}],"wp:attachment":[{"href":"https:\/\/coplazac.directorio-comercial.com\/index.php?rest_route=%2Fwp%2Fv2%2Fmedia&parent=678"}],"curies":[{"name":"wp","href":"https:\/\/api.w.org\/{rel}","templated":true}]}}